{"id":986,"date":"2026-02-25T12:07:23","date_gmt":"2026-02-25T11:07:23","guid":{"rendered":"http:\/\/tommarket.hu\/?page_id=986"},"modified":"2026-04-09T13:49:12","modified_gmt":"2026-04-09T11:49:12","slug":"nyeremenyjatek_tavasz","status":"publish","type":"page","link":"http:\/\/tommarket.hu\/index.php\/nyeremenyjatek_tavasz\/","title":{"rendered":"Nyerem\u00e9nyj\u00e1t\u00e9k_tavasz"},"content":{"rendered":"<div class=\"wpb-content-wrapper\"><p>[vc_row kd_background_image_position=&#8221;vc_row-bg-position-top&#8221;][vc_column css=&#8221;.vc_custom_1762946926172{margin-top: 40px !important;}&#8221;]<header class=\"kd-section-title col-lg-12 text-center  subtitle-below-title    vc_custom_1762946351752\" ><h2 class=\"separator_off\" >Nyerem\u00e9nyj\u00e1t\u00e9k<\/h2><\/header>[\/vc_column][\/vc_row][vc_row full_width=&#8221;stretch_row&#8221; kd_background_image_position=&#8221;vc_row-bg-position-top&#8221;][vc_column][vc_single_image image=&#8221;984&#8243; img_size=&#8221;full&#8221; alignment=&#8221;center&#8221; css=&#8221;.vc_custom_1772016470858{background-color: #dd1e35 !important;}&#8221;][\/vc_column][\/vc_row][vc_row kd_background_image_position=&#8221;vc_row-bg-position-top&#8221; css=&#8221;.vc_custom_1765890318992{margin-top: 40px !important;padding-top: 0px !important;padding-bottom: 40px !important;}&#8221;][vc_column]<header class=\"kd-section-title col-lg-12 text-center  subtitle-below-title    vc_custom_1772016618277\" ><h2 class=\"separator_off\" >Tavaszi nagytakar\u00edt\u00e1s? Nyerem\u00e9nnyel k\u00f6nnyebb!<\/h2><\/header>[vc_column_text css=&#8221;.vc_custom_1775735323161{padding-top: 20px !important;}&#8221;]<\/p>\n<p style=\"font-size: large; line-height: 150%;\"><strong>Nyerj robotporsz\u00edv\u00f3t!<\/strong><\/p>\n<p>A <span class=\"hover:entity-accent entity-underline inline cursor-pointer align-baseline\"><span class=\"whitespace-normal\">Tom Market<\/span><\/span> tavaszi nyerem\u00e9nyj\u00e1t\u00e9k\u00e1ban most a k\u00f6telez\u0151 bev\u00e1s\u00e1rl\u00e1s ak\u00e1r szerencs\u00e9t is hozhat!<\/p>\n<p>Ha m\u00e1r \u00fagyis beszerzed az otthonod felfriss\u00edt\u00e9s\u00e9hez sz\u00fcks\u00e9ges tiszt\u00edt\u00f3- \u00e9s kozmetikai term\u00e9keket, most egy \u00e9rt\u00e9kes nyerem\u00e9ny\u00e9rt is indulhatsz: <strong data-start=\"351\" data-end=\"375\">egy robotporsz\u00edv\u00f3\u00e9rt<\/strong>, amely nagyban megk\u00f6nny\u00edti a mindennapi takar\u00edt\u00e1st.<\/p>\n<p style=\"font-size: large; line-height: 150%;\"><strong>Hogyan vehetsz r\u00e9szt a j\u00e1t\u00e9kban?<\/strong><\/p>\n<p>V\u00e1s\u00e1rolj <strong>minimum 2 db b\u00e1rmilyen vegyi vagy kozmetikai term\u00e9ket<\/strong> b\u00e1rmely Tom Market \u00fczletben.<br \/>\nLejjebb a regisztr\u00e1ci\u00f3n\u00e1l add meg:<\/p>\n<ul>\n<li>a v\u00e1s\u00e1rl\u00e1st igazol\u00f3 blokk adatait<\/li>\n<li>saj\u00e1t el\u00e9rhet\u0151s\u00e9geidet<\/li>\n<li>majd fogadd el a j\u00e1t\u00e9kszab\u00e1lyzatot \u00e9s az adatkezel\u00e9si t\u00e1j\u00e9koztat\u00f3t<\/li>\n<\/ul>\n<p>Sikeres regisztr\u00e1ci\u00f3 ut\u00e1n m\u00e1r r\u00e9szt is veszel a sorsol\u00e1son!<\/p>\n<p style=\"font-size: large; line-height: 150%;\"><strong>A Nyerem\u00e9nyj\u00e1t\u00e9k id\u0151tartama:<\/strong> 2026.03.09.-2026.04.30.<\/p>\n<p style=\"font-size: large; line-height: 150%;\">\u00a0<strong>A regisztr\u00e1ci\u00f3 hat\u00e1rideje:<\/strong> 2026.05.03.<\/p>\n<p style=\"font-size: large; line-height: 150%;\"><strong>A sorsol\u00e1s id\u0151pontja:<\/strong> 2026.05.04.<\/p>\n<p><a href=\"http:\/\/tommarket.hu\/wp-content\/uploads\/2025\/12\/Ujevi-szerencse-Adatkezelesi-Tajekoztato-hirlevellel.pdf\">Adatkezel\u00e9si t\u00e1j\u00e9koztat\u00f3<\/a><\/p>\n<p><a href=\"http:\/\/tommarket.hu\/wp-content\/uploads\/2026\/02\/Jatekszabalyzat_Tom-Market_Tavaszi_nagytakaritas.pdf\">R\u00e9szv\u00e9teli \u00e9s j\u00e1t\u00e9kszab\u00e1lyzat<\/a>[\/vc_column_text][\/vc_column][\/vc_row][vc_row full_width=&#8221;stretch_row&#8221; kd_background_image_position=&#8221;vc_row-bg-position-top&#8221; css=&#8221;.vc_custom_1741778209434{padding-bottom: 40px !important;}&#8221;][vc_column offset=&#8221;vc_hidden-md vc_hidden-sm vc_hidden-xs&#8221;]<header class=\"kd-section-title col-lg-12 text-center  subtitle-below-title    vc_custom_1762946635239\" ><h2 class=\"separator_off\" >Hogyan vegy\u00e9l r\u00e9szt a nyerem\u00e9nyj\u00e1t\u00e9kon?<\/h2><\/header>[vc_row_inner kd_background_image_position=&#8221;vc_row-bg-position-top&#8221; css=&#8221;.vc_custom_1755164325645{margin-bottom: 15px !important;}&#8221; el_class=&#8221;hoverRotate&#8221;][vc_column_inner width=&#8221;1\/3&#8243;]<header class=\"kd-section-title col-lg-12 text-center  subtitle-below-title    vc_custom_1765890605173\" ><h4 class=\"separator_off\" >V\u00e1s\u00e1rolj!<\/h4><\/header>[vc_column_text css=&#8221;&#8221;]<\/p>\n<p style=\"font-size: large; line-height: 150%; text-align: center;\">V\u00e1s\u00e1rolj <strong data-start=\"733\" data-end=\"764\">b\u00e1rmely Tom Market \u00fczletben<\/strong> legal\u00e1bb <strong data-start=\"774\" data-end=\"794\">3000 Ft \u00e9rt\u00e9kben<\/strong>, \u00e9s a p\u00e9nzt\u00e1rn\u00e1l kapsz egy <strong data-start=\"822\" data-end=\"844\">kapar\u00f3s sorsjegyet<\/strong>.<\/p>\n<p>[\/vc_column_text][\/vc_column_inner][vc_column_inner width=&#8221;1\/3&#8243;]<header class=\"kd-section-title col-lg-12 text-center  subtitle-below-title    vc_custom_1765890601099\" ><h4 class=\"separator_off\" >Kaparj \u00e9s regisztr\u00e1lj!<\/h4><\/header>[vc_column_text css=&#8221;&#8221;]<\/p>\n<p style=\"font-size: large; line-height: 150%; text-align: center;\"><strong>Kaparj le a sorsjegyet! <\/strong>Ha <strong data-start=\"906\" data-end=\"929\">azonnali nyerem\u00e9nyt<\/strong> tal\u00e1lsz, m\u00e1ris nyert\u00e9l. Ha nincs azonnali nyerem\u00e9ny, ne cs\u00fcggedj, a sorsjegyen tal\u00e1lhat\u00f3 <strong data-start=\"1025\" data-end=\"1081\">egyedi k\u00f3dot t\u00f6ltsd fel a nyerem\u00e9nyj\u00e1t\u00e9k weboldal\u00e1ra<\/strong>, \u00e9s m\u00e1ris r\u00e9szt veszel a f\u0151d\u00edj sorsol\u00e1s\u00e1n.<\/p>\n<p>[\/vc_column_text][\/vc_column_inner][vc_column_inner width=&#8221;1\/3&#8243;]<header class=\"kd-section-title col-lg-12 text-center  subtitle-below-title    vc_custom_1765890609675\" ><h4 class=\"separator_off\" >Nyerj!<\/h4><\/header>[vc_column_text]<\/p>\n<p style=\"font-size: large; line-height: 150%; text-align: center;\"><strong>Nincs m\u00e1s teend\u0151d,<\/strong> ha Te vagy a szerencs\u00e9s nyertes, a sorsol\u00e1sok ut\u00e1n felvessz\u00fck veled a kapcsolatot.<\/p>\n<p>[\/vc_column_text][\/vc_column_inner][\/vc_row_inner][\/vc_column][\/vc_row][vc_row full_width=&#8221;stretch_row&#8221; gap=&#8221;10&#8243; kd_background_image_position=&#8221;vc_row-bg-position-top&#8221; css=&#8221;.vc_custom_1765890293923{padding-top: 40px !important;padding-bottom: 40px !important;}&#8221;][vc_column]<header class=\"kd-section-title col-lg-12 text-center  subtitle-below-title    vc_custom_1766136421958\" ><h2 class=\"separator_off\" >F\u0151d\u00edj<\/h2><\/header>[vc_row_inner content_placement=&#8221;middle&#8221; kd_background_image_position=&#8221;vc_row-bg-position-top&#8221;][vc_column_inner width=&#8221;1\/3&#8243;][vc_single_image image=&#8221;987&#8243; img_size=&#8221;full&#8221; style=&#8221;vc_box_rounded&#8221; css=&#8221;&#8221;][\/vc_column_inner][vc_column_inner width=&#8221;2\/3&#8243;]<header class=\"kd-section-title col-lg-12 text-left  subtitle-below-title   \" ><h4 class=\"separator_off\" >Egy robotporsz\u00edv\u00f3, amely nagyban megk\u00f6nny\u00edti a mindennapi takar\u00edt\u00e1st!<\/h4><\/header>[vc_column_text css=&#8221;&#8221;]<\/p>\n<p style=\"font-size: large; line-height: 175%; text-align: justify;\">A j\u00e1t\u00e9kban val\u00f3 r\u00e9szv\u00e9telhez a k\u00e9rt szem\u00e9lyes adatok mellett a v\u00e1s\u00e1rl\u00e1st igazol\u00f3 blokk AP sz\u00e1m\u00e1t k\u00e9rj\u00fck, hogy add meg.<\/p>\n<p>[\/vc_column_text][\/vc_column_inner][\/vc_row_inner][\/vc_column][\/vc_row][vc_row kd_background_image_position=&#8221;vc_row-bg-position-top&#8221;][vc_column]<header class=\"kd-section-title col-lg-12 text-center  subtitle-below-title    vc_custom_1772017622712\" ><h2 class=\"separator_off\" >Regisztr\u00e1lj \u00e9s nyerd meg a robotporsz\u00edv\u00f3t!<\/h2><\/header><div class=\"wpforms-container wpforms-container-full\" id=\"wpforms-997\"><form id=\"wpforms-form-997\" class=\"wpforms-validate wpforms-form wpforms-ajax-form\" data-formid=\"997\" method=\"post\" enctype=\"multipart\/form-data\" action=\"\/index.php\/wp-json\/wp\/v2\/pages\/986\" data-token=\"85fd47d1beca674cb0d1efa1e70f6f97\"><noscript class=\"wpforms-error-noscript\">Please enable JavaScript in your browser to complete this form.<\/noscript><div class=\"wpforms-field-container\"><div id=\"wpforms-997-field_1-container\" class=\"wpforms-field wpforms-field-text\" data-field-id=\"1\"><label class=\"wpforms-field-label\" for=\"wpforms-997-field_1\">Teljes neved: <span class=\"wpforms-required-label\">*<\/span><\/label><input type=\"text\" id=\"wpforms-997-field_1\" class=\"wpforms-field-large wpforms-field-required\" name=\"wpforms[fields][1]\" required><\/div><div id=\"wpforms-997-field_2-container\" class=\"wpforms-field wpforms-field-text\" data-field-id=\"2\"><label class=\"wpforms-field-label\" for=\"wpforms-997-field_2\">Lakc\u00edmed: <span class=\"wpforms-required-label\">*<\/span><\/label><input type=\"text\" id=\"wpforms-997-field_2\" class=\"wpforms-field-large wpforms-field-required\" name=\"wpforms[fields][2]\" required><\/div><div id=\"wpforms-997-field_3-container\" class=\"wpforms-field wpforms-field-layout\" data-field-id=\"3\"><label class=\"wpforms-field-label wpforms-label-hide\" for=\"wpforms-997-field_3\">Layout<\/label><div class=\"wpforms-field-layout-columns wpforms-field-layout-preset-50-50\"><div class=\"wpforms-layout-column wpforms-layout-column-50\"><div id=\"wpforms-997-field_21-container\" class=\"wpforms-field wpforms-field-text\" data-field-id=\"21\"><label class=\"wpforms-field-label\" for=\"wpforms-997-field_21\">Mobilsz\u00e1mod: <span class=\"wpforms-required-label\">*<\/span><\/label><input type=\"text\" id=\"wpforms-997-field_21\" class=\"wpforms-field-medium wpforms-field-required wpforms-masked-input\" data-rule-inputmask-incomplete=\"1\" data-inputmask-mask=\"(99) 999-9999\" name=\"wpforms[fields][21]\" placeholder=\"(30) 111-2233\" required><\/div><\/div><div class=\"wpforms-layout-column wpforms-layout-column-50\"><div id=\"wpforms-997-field_5-container\" class=\"wpforms-field wpforms-field-email\" data-field-id=\"5\"><label class=\"wpforms-field-label\" for=\"wpforms-997-field_5\">E-mail c\u00edmed: <span class=\"wpforms-required-label\">*<\/span><\/label><input type=\"email\" id=\"wpforms-997-field_5\" class=\"wpforms-field-medium wpforms-field-required\" name=\"wpforms[fields][5]\" required><\/div><\/div><\/div><\/div><div id=\"wpforms-997-field_26-container\" class=\"wpforms-field wpforms-field-text\" data-field-id=\"26\"><label class=\"wpforms-field-label\" for=\"wpforms-997-field_26\">Blokk AP sorsz\u00e1ma <span class=\"wpforms-required-label\">*<\/span><\/label><input type=\"text\" id=\"wpforms-997-field_26\" class=\"wpforms-field-large wpforms-field-required wpforms-masked-input\" data-rule-inputmask-incomplete=\"1\" data-inputmask-mask=\"\u00c1P-*********\" name=\"wpforms[fields][26]\" placeholder=\"\u00c1P-000000000\" required><\/div><div id=\"wpforms-997-field_27-container\" class=\"wpforms-field wpforms-field-text\" data-field-id=\"27\"><label class=\"wpforms-field-label\" for=\"wpforms-997-field_27\">Nyugtasz\u00e1m <span class=\"wpforms-required-label\">*<\/span><\/label><input type=\"text\" id=\"wpforms-997-field_27\" class=\"wpforms-field-large wpforms-field-required wpforms-masked-input\" data-rule-inputmask-incomplete=\"1\" data-inputmask-mask=\"9999\/99999\" name=\"wpforms[fields][27]\" placeholder=\"0000\/00000\" required><\/div><div id=\"wpforms-997-field_19-container\" class=\"wpforms-field wpforms-field-date-time\" data-field-id=\"19\"><label class=\"wpforms-field-label\" for=\"wpforms-997-field_19\">V\u00e1s\u00e1rl\u00e1s d\u00e1tuma: <span class=\"wpforms-required-label\">*<\/span><\/label><div class=\"wpforms-datepicker-wrap\"><input type=\"text\" id=\"wpforms-997-field_19\" class=\"wpforms-field-date-time-date wpforms-datepicker wpforms-field-required wpforms-field-large\" data-date-format=\"d\/m\/Y\" data-disable-past-dates=\"0\" data-input=\"true\" name=\"wpforms[fields][19][date]\" required><a title=\"Clear Date\" data-clear class=\"wpforms-datepicker-clear\" style=\"display:none;\"><\/a><\/div><\/div><div id=\"wpforms-997-field_16-container\" class=\"wpforms-field wpforms-field-content\" data-field-id=\"16\"><div id=\"wpforms-997-field_16\" class=\"wpforms-field-large wpforms-field-row\" name=\"wpforms[fields][16]\"><p style=\"text-align: center\">Az AP sz\u00e1m, a nyugtasz\u00e1m \u00e9s a v\u00e1s\u00e1rl\u00e1s d\u00e1tuma a jel\u00f6lt helyeken tal\u00e1lhat\u00f3 a blokkon:<br \/>\n<img loading=\"lazy\" decoding=\"async\" height=\"219\" width=\"300\" alt=\"\" src=\"http:\/\/tommarket.hu\/wp-content\/uploads\/2026\/02\/vasarlas-datuma-300x219.jpg\" class=\"size-medium wp-image-1000 aligncenter\" srcset=\"http:\/\/tommarket.hu\/wp-content\/uploads\/2026\/02\/vasarlas-datuma-300x219.jpg 300w, http:\/\/tommarket.hu\/wp-content\/uploads\/2026\/02\/vasarlas-datuma.jpg 381w\" sizes=\"auto, (max-width: 300px) 100vw, 300px\" \/><\/p>\n<div class=\"wpforms-field-content-display-frontend-clear\"><\/div><\/div><\/div><div id=\"wpforms-997-field_8-container\" class=\"wpforms-field wpforms-field-checkbox\" data-field-id=\"8\"><label class=\"wpforms-field-label\" for=\"wpforms-997-field_8\">Szab\u00e1lyzat elfogad\u00e1sa <span class=\"wpforms-required-label\">*<\/span><\/label><ul id=\"wpforms-997-field_8\" class=\"wpforms-field-required\"><li class=\"choice-1 depth-1\"><input type=\"checkbox\" id=\"wpforms-997-field_8_1\" name=\"wpforms[fields][8][]\" value=\"Kijelentem, hogy az Adatkezel\u00e9si t\u00e1j\u00e9koztat\u00f3t \u00e9s a R\u00e9szv\u00e9teli \u00e9s j\u00e1t\u00e9kszab\u00e1lyzatot megismertem, elfogadtam \u00e9s az \u00c1ltal\u00e1nos Adatv\u00e9delmi Rendelet (GDPR) alapj\u00e1n - tudom\u00e1sul veszem, hogy az adatkezel\u0151 a most megadott szem\u00e9lyes adataimat a GDPR, tov\u00e1bb\u00e1 a saj\u00e1t adatkezel\u00e9si t\u00e1j\u00e9koztat\u00f3j\u00e1nak felt\u00e9telei szerint kezelheti. *\" required ><label class=\"wpforms-field-label-inline\" for=\"wpforms-997-field_8_1\">Kijelentem, hogy az Adatkezel\u00e9si t\u00e1j\u00e9koztat\u00f3t \u00e9s a R\u00e9szv\u00e9teli \u00e9s j\u00e1t\u00e9kszab\u00e1lyzatot megismertem, elfogadtam \u00e9s az \u00c1ltal\u00e1nos Adatv\u00e9delmi Rendelet (GDPR) alapj\u00e1n - tudom\u00e1sul veszem, hogy az adatkezel\u0151 a most megadott szem\u00e9lyes adataimat a GDPR, tov\u00e1bb\u00e1 a saj\u00e1t adatkezel\u00e9si t\u00e1j\u00e9koztat\u00f3j\u00e1nak felt\u00e9telei szerint kezelheti. *<\/label><\/li><\/ul><\/div><\/div><div class=\"wpforms-submit-container\"><input type=\"hidden\" name=\"wpforms[id]\" value=\"997\"><input type=\"hidden\" name=\"wpforms[author]\" value=\"1\"><button type=\"submit\" name=\"wpforms[submit]\" id=\"wpforms-submit-997\" class=\"wpforms-submit\" data-alt-text=\"K\u00fcld\u00e9s...\" data-submit-text=\"Bek\u00fcld\u00e9s\" aria-live=\"assertive\" value=\"wpforms-submit\">Bek\u00fcld\u00e9s<\/button><img loading=\"lazy\" decoding=\"async\" src=\"http:\/\/tommarket.hu\/wp-content\/plugins\/wpforms\/assets\/images\/submit-spin.svg\" class=\"wpforms-submit-spinner\" style=\"display: none;\" width=\"26\" height=\"26\" alt=\"Loading\"><\/div><\/form><\/div>  <!-- .wpforms-container -->[\/vc_column][\/vc_row][vc_row kd_background_image_position=&#8221;vc_row-bg-position-top&#8221; css=&#8221;.vc_custom_1762952959031{margin-top: 40px !important;}&#8221;][vc_column]<header class=\"kd-section-title col-lg-12 text-center  subtitle-below-title    vc_custom_1762946789326\" ><h2 class=\"separator_off\" >A nyerem\u00e9nyj\u00e1t\u00e9kban r\u00e9sztvev\u0151 \u00fczletek:<\/h2><\/header>[\/vc_column][\/vc_row][vc_row full_width=&#8221;stretch_row_content&#8221; kd_background_image_position=&#8221;vc_row-bg-position-top&#8221;][vc_column][vc_column_text css=&#8221;&#8221;]<style type=\"text\/css\">\n    .asl-p-cont .sl-direction,.asl-cont .sl-direction, .asl-buttons .directions {display: none !important;}.asl-p-cont .asl-print-btn,.asl-cont .asl-print-btn {display: none !important;}    @media(max-width:991px){\n        #asl-storelocator.asl-cont .asl-panel {order: 0;}\n    }\n<\/style>\n<section id=\"asl-storelocator\" class=\"asl-cont asl-template-3 asl-layout-0 asl-bg-0 map-full full-height asl-text-0\">\n    <div class=\"asl-wrapper mb-5\">\n        <div class=\"sl-container-fluid\">\n                                    <div class=\"sl-row\">\n                <div class=\"pol-12\">\n                    <div class=\"sl-main-cont\">\n                        <div class=\"sl-row no-gutters\">\n                            <div id=\"asl-panel\" class=\"asl-panel pol-md-6 pol-lg-5 pol-xl-4\">\n                                <div class=\"asl-overlay\" id=\"map-loading\">\n                                  <div class=\"white\"><\/div>\n                                    <div class=\"sl-loading\">\n                                        <i class=\"animate-sl-spin icon-spin3\"><\/i>\n                                        Loading...                                    <\/div>\n                                <\/div>\n                                <div class=\"asl-filter-sec hide\"><\/div>\n                                <!-- list -->\n                                <div class=\"asl-panel-inner\">\n                                    <div class=\"sl-filter-sec\">\n                                        <div class=\"asl-addr-search\">\n                                            <input value=\"\" id=\"sl-main-search\" type=\"text\" class=\"asl-search-address form-control\" placeholder=\"V\u00e1ros megad\u00e1sa\">\n                                            <span class=\"sl-search-btn\"><i title=\"Keres\u00e9s\" class=\"icon-search\"><\/i><\/span>\n                                        <\/div>  \n                                    <\/div>\n                                    <div class=\"asl-filter-tabs media\">\n                                        <div class=\"input-group\">\n                                            <ul class=\"sl-filt-a-list nav nav-pills\" role=\"tablist\"><\/ul>  \n                                            <div class=\"input-group-append\">\n                                                <div class=\"aswth-btn hide\">\n                                                    <span class=\"aswth\">\n                                                        <input type=\"checkbox\" class=\"aswth-input\" id=\"aswth-id\" checked>\n                                                        <label for=\"aswth-id\"><\/label>\n                                                        <div class=\"aswth-text\">\n                                                            <div class=\"contentA\">OPEN<\/div>\n                                                            <div class=\"contentB\">ALL<\/div>\n                                                        <\/div>\n                                                    <\/span>\n                                                <\/div>\n                                            <\/div>\n                                        <\/div>\n                                    <\/div>\n                                    <div class=\"sl-main-cont-box\">\n                                        <div id=\"asl-list\" class=\"sl-list-wrapper\">\n                                            <ul id=\"p-statelist\" class=\"sl-list\">\n                                            <\/ul>\n                                        <\/div>\n                                    <\/div>\n                                <\/div>\n\n                                <div class=\"directions-cont hide\">\n                                    <div class=\"agile-modal-header\">\n                                        <button type=\"button\" class=\"close\"><span aria-hidden=\"true\">\u00d7<\/span><\/button>\n                                        <h4>Store Direction<\/h4>\n                                    <\/div>\n                                    <div class=\"rendered-directions\" id=\"asl-rendered-dir\" style=\"direction: ltr;\"><\/div>\n                                <\/div>\n                            <\/div>\n                            <div class=\"pol-md-6 pol-xl-8 pol-lg-7 asl-map\">\n                                <div class=\"map-image\">\n                                    <div id=\"asl-map-canv\" class=\"asl-map-canv\"><\/div>\n                                    \n                                    <div id=\"agile-modal-direction\" class=\"agile-modal fade\">\n    <div class=\"agile-modal-backdrop-in\"><\/div>\n    <div class=\"agile-modal-dialog in\">\n        <div class=\"agile-modal-content\">\n            <div class=\"sl-form-group d-flex justify-content-between\">\n                <h4>Get Your Directions<\/h4>\n                <button type=\"button\" class=\"close-directions sl-close\" data-dismiss=\"agile-modal\" aria-label=\"Close\">&times;<\/button>\n            <\/div>\n            <div class=\"sl-form-group\">\n                <label for=\"frm-lbl\">From:<\/label>\n                <input type=\"text\" class=\"form-control frm-place\" id=\"frm-lbl\" placeholder=\"V\u00e1ros megad\u00e1sa\">\n            <\/div>\n            <div class=\"sl-form-group\">\n                <label for=\"frm-lbl\">To:<\/label>\n                <input readonly=\"true\" type=\"text\"  class=\"directions-to form-control\" id=\"to-lbl\" placeholder=\"Prepopulated Destination Address\">\n            <\/div>\n            <div class=\"sl-form-group mb-0\">\n                <label class=\"checkbox-inline\">\n                    <input type=\"radio\" name=\"dist-type\"  id=\"rbtn-km\" value=\"0\"> KM                <\/label>\n                <label class=\"checkbox-inline\">\n                    <input type=\"radio\" name=\"dist-type\" checked id=\"rbtn-mile\" value=\"1\"> Mile                <\/label>\n            <\/div>\n            <div class=\"sl-form-group mb-0\">\n                <button type=\"submit\" class=\"btn btn-default btn-submit\">GET DIRECTIONS<\/button>\n            <\/div>\n        <\/div>\n    <\/div>\n<\/div>\n\n<div id=\"asl-geolocation-agile-modal\" class=\"agile-modal fade\">\n  <div class=\"agile-modal-backdrop-in\"><\/div>\n  <div class=\"agile-modal-dialog in\">\n    <div class=\"agile-modal-content\">\n            <div class=\"sl-form-group d-flex justify-content-between\">\n        <h5>Use my location to find the closest Service Provider near me<\/h5>\n        <button type=\"button\" class=\"close-directions sl-close\" data-dismiss=\"agile-modal\" aria-label=\"Close\" aria-hidden=\"true\">&times;<\/button>\n      <\/div>\n      <div class=\"sl-form-group text-center mb-0\">\n        <button type=\"button\" id=\"asl-btn-geolocation\" class=\"btn btn-block btn-default\">USE LOCATION<\/button>\n      <\/div>\n          <\/div>\n  <\/div>\n<\/div>\n\n<div id=\"asl-desc-agile-modal\" class=\"agile-modal fade\">\n  <div class=\"agile-modal-backdrop-in\"><\/div>\n  <div class=\"agile-modal-dialog in\">\n    <div class=\"agile-modal-content\">\n      <div class=\"sl-row\">\n        <div class=\"pol-md-12\">\n          <div class=\"sl-form-group d-flex justify-content-between\">\n            <h4 class=\"sl-title\"><\/h4>\n            <button type=\"button\" class=\"close-directions sl-close\" data-dismiss=\"agile-modal\" aria-label=\"Close\">&times;<\/button>\n          <\/div>\n          <p class=\"sl-desc\"><\/p>\n        <\/div>\n      <\/div>\n    <\/div>\n  <\/div>\n<\/div>                                <\/div>\n                            <\/div>\n                        <\/div>\n                    <\/div>\n                <\/div>\n            <\/div>\n        <\/div> \n    <\/div>\n<\/section>\n<!-- This plugin is developed by \"Agile Store Locator for WordPress\" https:\/\/agilestorelocator.com -->[\/vc_column_text][\/vc_column][\/vc_row]<\/p>\n<\/div>","protected":false},"excerpt":{"rendered":"<p> [&hellip;]<\/p>\n","protected":false},"author":1,"featured_media":0,"parent":0,"menu_order":0,"comment_status":"closed","ping_status":"closed","template":"","meta":{"footnotes":""},"class_list":["post-986","page","type-page","status-publish","hentry"],"_links":{"self":[{"href":"http:\/\/tommarket.hu\/index.php\/wp-json\/wp\/v2\/pages\/986","targetHints":{"allow":["GET"]}}],"collection":[{"href":"http:\/\/tommarket.hu\/index.php\/wp-json\/wp\/v2\/pages"}],"about":[{"href":"http:\/\/tommarket.hu\/index.php\/wp-json\/wp\/v2\/types\/page"}],"author":[{"embeddable":true,"href":"http:\/\/tommarket.hu\/index.php\/wp-json\/wp\/v2\/users\/1"}],"replies":[{"embeddable":true,"href":"http:\/\/tommarket.hu\/index.php\/wp-json\/wp\/v2\/comments?post=986"}],"version-history":[{"count":14,"href":"http:\/\/tommarket.hu\/index.php\/wp-json\/wp\/v2\/pages\/986\/revisions"}],"predecessor-version":[{"id":1048,"href":"http:\/\/tommarket.hu\/index.php\/wp-json\/wp\/v2\/pages\/986\/revisions\/1048"}],"wp:attachment":[{"href":"http:\/\/tommarket.hu\/index.php\/wp-json\/wp\/v2\/media?parent=986"}],"curies":[{"name":"wp","href":"https:\/\/api.w.org\/{rel}","templated":true}]}}