{"id":571,"date":"2025-11-18T08:22:40","date_gmt":"2025-11-18T07:22:40","guid":{"rendered":"http:\/\/hello.tommarket.hu\/?page_id=571"},"modified":"2025-12-02T14:47:28","modified_gmt":"2025-12-02T13:47:28","slug":"szolgaltatasaink","status":"publish","type":"page","link":"http:\/\/tommarket.hu\/index.php\/szolgaltatasaink\/","title":{"rendered":"Szolg\u00e1ltat\u00e1saink"},"content":{"rendered":"<div class=\"wpb-content-wrapper\"><p>[vc_row kd_background_image_position=&#8221;vc_row-bg-position-top&#8221; css=&#8221;.vc_custom_1764682742567{margin-top: 160px !important;}&#8221; css_mobile=&#8221;.vc_custom_1764682742567{margin-top: 30px !important;}&#8221;][vc_column css=&#8221;.vc_custom_1764682778182{margin-top: 0px !important;}&#8221;]<header class=\"kd-section-title col-lg-12 text-center  subtitle-below-title    vc_custom_1764683226511\" ><h2 class=\"separator_off\" >Szolg\u00e1ltat\u00e1saink<\/h2><\/header>[\/vc_column][\/vc_row][vc_row kd_background_image_position=&#8221;vc_row-bg-position-top&#8221; css=&#8221;.vc_custom_1764683246674{margin-top: 60px !important;margin-bottom: 40px !important;}&#8221; css_mobile=&#8221;.vc_custom_1764683246676{margin-top: 40px !important;margin-bottom: 10px !important;}&#8221; top_section_title=&#8221;&#8221; bottom_section_title=&#8221;&#8221;][vc_column]<header class=\"kd-section-title col-lg-12 text-center  subtitle-below-title    vc_custom_1764682782345\" ><h4 class=\"separator_off\" >Fedezd fel szolg\u00e1ltat\u00e1sainkat \u2013 m\u00e9g k\u00f6zelebb hozzuk a min\u0151s\u00e9get \u00e9s a k\u00e9nyelmet!<\/h4><h6 class=\"subtitle\" >\u00dczletl\u00e1ncunkn\u00e1l hisz\u00fcnk abban, hogy a bev\u00e1s\u00e1rl\u00e1s lehet egyszer\u0171, gyors \u00e9s \u00e9lm\u00e9nyszer\u0171 is.<br \/>\nSzolg\u00e1ltat\u00e1sainkat \u00fagy alak\u00edtottuk ki, hogy minden v\u00e1s\u00e1rl\u00f3nk megtal\u00e1lja a sz\u00e1m\u00e1ra legk\u00e9nyelmesebb \u00e9s legmegb\u00edzhat\u00f3bb megold\u00e1st \u2013 legyen sz\u00f3 friss alapanyagokr\u00f3l vagy szem\u00e9lyre szabott aj\u00e1nlatokr\u00f3l.<br \/>\nFedezd fel, hogyan tessz\u00fck k\u00f6nnyebb\u00e9 a v\u00e1s\u00e1rl\u00e1st \u2013 l\u00e9p\u00e9sr\u0151l l\u00e9p\u00e9sre, Neked.<\/h6><\/header>[\/vc_column][\/vc_row][vc_row css_animation=&#8221;fadeIn&#8221; kd_background_image_position=&#8221;vc_row-bg-position-top&#8221; css_mobile=&#8221;.vc_custom_1764682900692{margin-top: 20px !important;}&#8221;][vc_column][vc_row_inner equal_height=&#8221;yes&#8221; kd_background_image_position=&#8221;vc_row-bg-position-top&#8221; css=&#8221;.vc_custom_1763451195695{padding-top: 0px !important;padding-bottom: 0px !important;}&#8221;][vc_column_inner width=&#8221;1\/4&#8243; offset=&#8221;vc_col-lg-3 vc_col-md-6&#8243; css_mobile=&#8221;.vc_custom_1764682988139{margin-top: 40px !important;}&#8221;]<div class=\"cb-container  content-center\" ><div class=\"cb-wrapper\" style=\"background-color: #fff;\"><div class=\"cb-img-area\"><div class=\"cb-customimg\"><img loading=\"lazy\" decoding=\"async\" width=\"130\" height=\"130\" src=\"http:\/\/tommarket.hu\/wp-content\/uploads\/2025\/11\/buszjegy.png\" class=\"attachment-full\" alt=\"\" title=\"buszjegy\" \/><\/div><\/div><div class=\"cb-text-area\"><h4 class=\"cb-heading\" >Buszjegy<\/h4><p >Sietned kell a suliba, vagy k\u00e9s\u00e9sben vagy a munkahelyedr\u0151l? Ne agg\u00f3dj, \u00fczlet\u00fcnkben buszjegy is v\u00e1s\u00e1rolhat\u00f3!<\/p><\/div><\/div><\/div>[\/vc_column_inner][vc_column_inner width=&#8221;1\/4&#8243; offset=&#8221;vc_col-lg-3 vc_col-md-6&#8243; css_mobile=&#8221;.vc_custom_1764682991999{margin-top: 40px !important;}&#8221;]<div class=\"cb-container  content-center\" ><div class=\"cb-wrapper\" style=\"background-color: #fff;\"><div class=\"cb-img-area\"><div class=\"cb-customimg\"><img loading=\"lazy\" decoding=\"async\" width=\"130\" height=\"130\" src=\"http:\/\/tommarket.hu\/wp-content\/uploads\/2025\/11\/sorsjegy.png\" class=\"attachment-full\" alt=\"\" title=\"sorsjegy\" \/><\/div><\/div><div class=\"cb-text-area\"><h4 class=\"cb-heading\" >Sorsjegy<\/h4><p >Szeretn\u00e9l egy kis izgalmat csemp\u00e9szni a mindennapi bev\u00e1s\u00e1rl\u00e1sba? V\u00e1lassz kedvedre kapar\u00f3s sorsjegyeink k\u00f6z\u00fcl \u00e9s l\u00e9gy te a nap legszerencs\u00e9sebb v\u00e1s\u00e1rl\u00f3ja!<\/p><\/div><\/div><\/div>[\/vc_column_inner][vc_column_inner width=&#8221;1\/4&#8243; offset=&#8221;vc_col-lg-3 vc_col-md-6&#8243; css_mobile=&#8221;.vc_custom_1764682996397{margin-top: 40px !important;}&#8221;]<div class=\"cb-container  content-center\" ><div class=\"cb-wrapper\" style=\"background-color: #fff;\"><div class=\"cb-img-area\"><div class=\"cb-customimg\"><img loading=\"lazy\" decoding=\"async\" width=\"130\" height=\"130\" src=\"http:\/\/tommarket.hu\/wp-content\/uploads\/2025\/11\/gyogyszer.png\" class=\"attachment-full\" alt=\"\" title=\"gyogyszer\" \/><\/div><\/div><div class=\"cb-text-area\"><h4 class=\"cb-heading\" >Gy\u00f3gyszer<\/h4><p >Nem \u00e9rsz oda id\u0151ben a patik\u00e1ba? Csak semmi p\u00e1nik, megjel\u00f6lt Tom Market \u00fczleteinkben sz\u00e1mos gy\u00f3gyszert is tudsz v\u00e1s\u00e1rolni!<\/p><\/div><\/div><\/div>[\/vc_column_inner][vc_column_inner width=&#8221;1\/4&#8243; offset=&#8221;vc_col-lg-3 vc_col-md-6&#8243; css_mobile=&#8221;.vc_custom_1764683000710{margin-top: 40px !important;}&#8221;]<div class=\"cb-container  content-center\" ><div class=\"cb-wrapper\" style=\"background-color: #fff;\"><div class=\"cb-img-area\"><div class=\"cb-customimg\"><img loading=\"lazy\" decoding=\"async\" width=\"130\" height=\"130\" src=\"http:\/\/tommarket.hu\/wp-content\/uploads\/2025\/11\/csomagpont.png\" class=\"attachment-full\" alt=\"\" title=\"csomagpont\" \/><\/div><\/div><div class=\"cb-text-area\"><h4 class=\"cb-heading\" >Csomagpont<\/h4><p >\u00dcss k\u00e9t legyet egy csap\u00e1sra! Vedd \u00e1t csomagjaid \u00fczlet\u00fcnkben mik\u00f6zben bev\u00e1s\u00e1rolsz!<\/p><\/div><\/div><\/div>[\/vc_column_inner][\/vc_row_inner][\/vc_column][\/vc_row][vc_row kd_background_image_position=&#8221;vc_row-bg-position-top&#8221; css=&#8221;.vc_custom_1763452710541{margin-top: 40px !important;}&#8221;][vc_column][vc_row_inner equal_height=&#8221;yes&#8221; kd_background_image_position=&#8221;vc_row-bg-position-top&#8221; css=&#8221;.vc_custom_1763451195695{padding-top: 0px !important;padding-bottom: 0px !important;}&#8221;][vc_column_inner width=&#8221;1\/4&#8243; offset=&#8221;vc_col-lg-3 vc_col-md-6&#8243;]<div class=\"cb-container  content-center\" ><div class=\"cb-wrapper\" style=\"background-color: #fff;\"><div class=\"cb-img-area\"><div class=\"cb-customimg\"><img loading=\"lazy\" decoding=\"async\" width=\"130\" height=\"130\" src=\"http:\/\/tommarket.hu\/wp-content\/uploads\/2025\/11\/lottery.png\" class=\"attachment-full\" alt=\"\" title=\"lottery\" \/><\/div><\/div><div class=\"cb-text-area\"><h4 class=\"cb-heading\" >Lott\u00f3z\u00f3<\/h4><p >Gyors bev\u00e1s\u00e1rl\u00e1s \u00e9s nyerem\u00e9ny? Nan\u00e1! Vedd meg kedvenc sorsjegyeidet vagy j\u00e1tsz a legizgalmasabb j\u00e1t\u00e9kokban gyorsbevs\u00e1rl\u00e1sod k\u00f6zben!<\/p><\/div><\/div><\/div>[\/vc_column_inner][vc_column_inner width=&#8221;1\/4&#8243; offset=&#8221;vc_col-lg-3 vc_col-md-6&#8243; css_mobile=&#8221;.vc_custom_1764683027589{margin-top: 40px !important;}&#8221;]<div class=\"cb-container  content-center\" ><div class=\"cb-wrapper\" style=\"background-color: #fff;\"><div class=\"cb-img-area\"><div class=\"cb-customimg\"><img loading=\"lazy\" decoding=\"async\" width=\"130\" height=\"130\" src=\"http:\/\/tommarket.hu\/wp-content\/uploads\/2025\/11\/mobile_upload.png\" class=\"attachment-full\" alt=\"\" title=\"mobile_upload\" \/><\/div><\/div><div class=\"cb-text-area\"><h4 class=\"cb-heading\" >Mobil felt\u00f6lt\u00e9s<\/h4><p >T\u00f6ltsd fel felt\u00f6lt\u0151k\u00e1rty\u00e1s telefonod egyenleg\u00e9t m\u00e1sodpercek alatt \u00fczleteinkben, a megjele\u00f6lt mobilszolg\u00e1ltat\u00f3k eset\u00e9ben!<\/p><\/div><\/div><\/div>[\/vc_column_inner][vc_column_inner width=&#8221;1\/4&#8243; offset=&#8221;vc_col-lg-3 vc_col-md-6&#8243; css_mobile=&#8221;.vc_custom_1764683031602{margin-top: 40px !important;}&#8221;]<div class=\"cb-container  content-center\" ><div class=\"cb-wrapper\" style=\"background-color: #fff;\"><div class=\"cb-img-area\"><div class=\"cb-customimg\"><img loading=\"lazy\" decoding=\"async\" width=\"130\" height=\"130\" src=\"http:\/\/tommarket.hu\/wp-content\/uploads\/2025\/11\/coffe_coupon.png\" class=\"attachment-full\" alt=\"\" title=\"coffe_coupon\" \/><\/div><\/div><div class=\"cb-text-area\"><h4 class=\"cb-heading\" >K\u00e1v\u00e9 kupon gy\u0171jt\u00e9s<\/h4><p >Gy\u0171jtsd k\u00e1v\u00e9fogyaszt\u00e1said sor\u00e1n a matric\u00e1kat \u00e9s ne feledd, ha szorgosan gy\u0171jt\u00f6getsz a 11. k\u00e1v\u00e9t mi \u00e1lljuk!<\/p><\/div><\/div><\/div>[\/vc_column_inner][vc_column_inner width=&#8221;1\/4&#8243; offset=&#8221;vc_col-lg-3 vc_col-md-6&#8243; css_mobile=&#8221;.vc_custom_1764683036043{margin-top: 40px !important;}&#8221;]<div class=\"cb-container  content-center\" ><div class=\"cb-wrapper\" style=\"background-color: #fff;\"><div class=\"cb-img-area\"><div class=\"cb-customimg\"><img loading=\"lazy\" decoding=\"async\" width=\"130\" height=\"130\" src=\"http:\/\/tommarket.hu\/wp-content\/uploads\/2025\/11\/checkpaymet.png\" class=\"attachment-full\" alt=\"\" title=\"checkpaymet\" \/><\/div><\/div><div class=\"cb-text-area\"><h4 class=\"cb-heading\" >Csekkbefizet\u00e9s<\/h4><p >Fizesd be csekkjeidet pillanatok alatt \u00fczleteinkben!<\/p><\/div><\/div><\/div>[\/vc_column_inner][\/vc_row_inner][\/vc_column][\/vc_row][vc_row kd_background_image_position=&#8221;vc_row-bg-position-top&#8221; css=&#8221;.vc_custom_1763452710541{margin-top: 40px !important;}&#8221;][vc_column][vc_row_inner equal_height=&#8221;yes&#8221; kd_background_image_position=&#8221;vc_row-bg-position-top&#8221; css=&#8221;.vc_custom_1763451195695{padding-top: 0px !important;padding-bottom: 0px !important;}&#8221;][vc_column_inner width=&#8221;1\/4&#8243; offset=&#8221;vc_col-lg-3 vc_col-md-6&#8243;]<div class=\"cb-container  content-center\" ><div class=\"cb-wrapper\" style=\"background-color: #fff;\"><div class=\"cb-img-area\"><div class=\"cb-customimg\"><img loading=\"lazy\" decoding=\"async\" width=\"130\" height=\"130\" src=\"http:\/\/tommarket.hu\/wp-content\/uploads\/2025\/11\/aramfeltoltes.png\" class=\"attachment-full\" alt=\"\" title=\"aramfeltoltes\" \/><\/div><\/div><div class=\"cb-text-area\"><h4 class=\"cb-heading\" >\u00c1ramfelt\u00f6lt\u00e9s<\/h4><p >Int\u00e9zd az \u00e1ramfelt\u00f6lt\u00e9st bev\u00e1s\u00e1rl\u00e1s k\u00f6zben, csak\u00fagy mint a felt\u00f6lt\u0151k\u00e1rty\u00e1s mobiltelefonodn\u00e1l!<\/p><\/div><\/div><\/div>[\/vc_column_inner][vc_column_inner width=&#8221;1\/4&#8243; offset=&#8221;vc_col-lg-3 vc_col-md-6&#8243; css_mobile=&#8221;.vc_custom_1764683050050{margin-top: 40px !important;}&#8221;]<div class=\"cb-container  content-center\" ><div class=\"cb-wrapper\" style=\"background-color: #fff;\"><div class=\"cb-img-area\"><div class=\"cb-customimg\"><img loading=\"lazy\" decoding=\"async\" width=\"130\" height=\"130\" src=\"http:\/\/tommarket.hu\/wp-content\/uploads\/2025\/11\/post_letter.png\" class=\"attachment-full\" alt=\"\" title=\"post_letter\" \/><\/div><\/div><div class=\"cb-text-area\"><h4 class=\"cb-heading\" >Postai szolg\u00e1ltat\u00e1s<\/h4><p >Vedd ig\u00e9nybe k\u00fcl\u00f6nf\u00e9le postai szolg\u00e1ltat\u00e1sainkat \u00fczlet\u00fcnkben!<\/p><\/div><\/div><\/div>[\/vc_column_inner][vc_column_inner width=&#8221;1\/4&#8243; offset=&#8221;vc_col-lg-3 vc_col-md-6&#8243; css_mobile=&#8221;.vc_custom_1764683054058{margin-top: 40px !important;}&#8221;]<div class=\"cb-container  content-center\" ><div class=\"cb-wrapper\" style=\"background-color: #fff;\"><div class=\"cb-img-area\"><div class=\"cb-customimg\"><img loading=\"lazy\" decoding=\"async\" width=\"130\" height=\"130\" src=\"http:\/\/tommarket.hu\/wp-content\/uploads\/2025\/11\/sandwich.png\" class=\"attachment-full\" alt=\"\" title=\"sandwich\" \/><\/div><\/div><div class=\"cb-text-area\"><h4 class=\"cb-heading\" >Szendvics<\/h4><p >K\u00f3stold meg egyedileg \u00f6ssze\u00e1ll\u00edtott szendvicseinket \u00fczlet\u00fcnkben!<\/p><\/div><\/div><\/div>[\/vc_column_inner][vc_column_inner width=&#8221;1\/4&#8243; offset=&#8221;vc_col-lg-3 vc_col-md-6&#8243; css_mobile=&#8221;.vc_custom_1764683058032{margin-top: 40px !important;}&#8221;]<div class=\"cb-container  content-center\" ><div class=\"cb-wrapper\" style=\"background-color: #fff;\"><div class=\"cb-img-area\"><div class=\"cb-customimg\"><img loading=\"lazy\" decoding=\"async\" width=\"130\" height=\"130\" src=\"http:\/\/tommarket.hu\/wp-content\/uploads\/2025\/11\/ice_cream.png\" class=\"attachment-full\" alt=\"\" title=\"ice_cream\" \/><\/div><\/div><div class=\"cb-text-area\"><h4 class=\"cb-heading\" >Fagylalt<\/h4><p >V\u00e1gyn\u00e1l egy kis \u00e9dess\u00e9gre a ny\u00e1ri forr\u00f3s\u00e1gban? K\u00f3stold meg \u00fczlet\u00fcnkben kaphat\u00f3 fagylalt k\u00fcl\u00f6nlegess\u00e9g\u00fcnket!<\/p><\/div><\/div><\/div>[\/vc_column_inner][\/vc_row_inner][\/vc_column][\/vc_row][vc_row kd_background_image_position=&#8221;vc_row-bg-position-top&#8221; css=&#8221;.vc_custom_1763452710541{margin-top: 40px !important;}&#8221;][vc_column][vc_row_inner equal_height=&#8221;yes&#8221; kd_background_image_position=&#8221;vc_row-bg-position-top&#8221; css=&#8221;.vc_custom_1763451195695{padding-top: 0px !important;padding-bottom: 0px !important;}&#8221;][vc_column_inner width=&#8221;1\/4&#8243; offset=&#8221;vc_col-lg-3 vc_col-md-6&#8243;]<div class=\"cb-container  content-center\" ><div class=\"cb-wrapper\" style=\"background-color: #fff;\"><div class=\"cb-img-area\"><div class=\"cb-customimg\"><img loading=\"lazy\" decoding=\"async\" width=\"130\" height=\"130\" src=\"http:\/\/tommarket.hu\/wp-content\/uploads\/2025\/11\/coffe_fresh.png\" class=\"attachment-full\" alt=\"\" title=\"coffe_fresh\" \/><\/div><\/div><div class=\"cb-text-area\"><h4 class=\"cb-heading\" >Frissen \u0151r\u00f6lt k\u00e1v\u00e9<\/h4><p >Egy igaz\u00e1n j\u00f3 k\u00e1v\u00e9ra v\u00e1gysz? K\u00f3stold meg frissen \u0151r\u00f6lt k\u00e1v\u00e9nkat \u00fczlet\u00fcnkben!<\/p><\/div><\/div><\/div>[\/vc_column_inner][vc_column_inner width=&#8221;1\/4&#8243; offset=&#8221;vc_col-lg-3 vc_col-md-6&#8243;][\/vc_column_inner][vc_column_inner width=&#8221;1\/4&#8243; offset=&#8221;vc_col-lg-3 vc_col-md-6&#8243;][\/vc_column_inner][vc_column_inner width=&#8221;1\/4&#8243; offset=&#8221;vc_col-lg-3 vc_col-md-6&#8243;][\/vc_column_inner][\/vc_row_inner][\/vc_column][\/vc_row]<\/p>\n<\/div>","protected":false},"excerpt":{"rendered":"<p> [&hellip;]<\/p>\n","protected":false},"author":1,"featured_media":0,"parent":0,"menu_order":0,"comment_status":"closed","ping_status":"closed","template":"","meta":{"footnotes":""},"class_list":["post-571","page","type-page","status-publish","hentry"],"_links":{"self":[{"href":"http:\/\/tommarket.hu\/index.php\/wp-json\/wp\/v2\/pages\/571","targetHints":{"allow":["GET"]}}],"collection":[{"href":"http:\/\/tommarket.hu\/index.php\/wp-json\/wp\/v2\/pages"}],"about":[{"href":"http:\/\/tommarket.hu\/index.php\/wp-json\/wp\/v2\/types\/page"}],"author":[{"embeddable":true,"href":"http:\/\/tommarket.hu\/index.php\/wp-json\/wp\/v2\/users\/1"}],"replies":[{"embeddable":true,"href":"http:\/\/tommarket.hu\/index.php\/wp-json\/wp\/v2\/comments?post=571"}],"version-history":[{"count":23,"href":"http:\/\/tommarket.hu\/index.php\/wp-json\/wp\/v2\/pages\/571\/revisions"}],"predecessor-version":[{"id":762,"href":"http:\/\/tommarket.hu\/index.php\/wp-json\/wp\/v2\/pages\/571\/revisions\/762"}],"wp:attachment":[{"href":"http:\/\/tommarket.hu\/index.php\/wp-json\/wp\/v2\/media?parent=571"}],"curies":[{"name":"wp","href":"https:\/\/api.w.org\/{rel}","templated":true}]}}