{"id":1198,"date":"2026-04-23T10:40:44","date_gmt":"2026-04-23T08:40:44","guid":{"rendered":"http:\/\/tommarket.hu\/?page_id=1198"},"modified":"2026-04-28T13:12:02","modified_gmt":"2026-04-28T11:12:02","slug":"tortenetiroverseny","status":"publish","type":"page","link":"http:\/\/tommarket.hu\/index.php\/tortenetiroverseny\/","title":{"rendered":"Nyerem\u00e9nyj\u00e1t\u00e9k t\u00f6rt\u00e9net\u00edr\u00f3 verseny"},"content":{"rendered":"<div class=\"wpb-content-wrapper\"><p>[vc_row kd_background_image_position=&#8221;vc_row-bg-position-top&#8221;][vc_column css=&#8221;.vc_custom_1762946926172{margin-top: 40px !important;}&#8221;]<header class=\"kd-section-title col-lg-12 text-center  subtitle-below-title    vc_custom_1762946351752\" ><h2 class=\"separator_off\" >Nyerem\u00e9nyj\u00e1t\u00e9k<\/h2><\/header>[\/vc_column][\/vc_row][vc_row full_width=&#8221;stretch_row&#8221; kd_background_image_position=&#8221;vc_row-bg-position-top&#8221;][vc_column][vc_single_image image=&#8221;1238&#8243; img_size=&#8221;full&#8221; alignment=&#8221;center&#8221; css=&#8221;.vc_custom_1777371021805{background-color: #dd1e35 !important;}&#8221;][\/vc_column][\/vc_row][vc_row kd_background_image_position=&#8221;vc_row-bg-position-top&#8221; css=&#8221;.vc_custom_1765890330365{margin-top: 40px !important;padding-top: 0px !important;padding-bottom: 40px !important;}&#8221;][vc_column]<header class=\"kd-section-title col-lg-12 text-center  subtitle-below-title    vc_custom_1776933751120\" ><h2 class=\"separator_off\" >Tom Market T\u00f6rt\u00e9net\u00edr\u00f3 Verseny, avagy egy v\u00e1s\u00e1rl\u00f3i blokk kalandja<\/h2><\/header><header class=\"kd-section-title col-lg-12 text-left  subtitle-below-title   \" ><h3 class=\"separator_off\" >Mir\u0151l sz\u00f3l a verseny?<\/h3><\/header>[vc_column_text css=&#8221;.vc_custom_1776934431887{padding-top: 20px !important;}&#8221;]<\/p>\n<p style=\"font-size: large; line-height: 150%;\">A Tom Market t\u00f6rt\u00e9net\u00edr\u00f3 verseny\u00e9ben most \u00e9letre keltheted \u201eTomit\u201d, a v\u00e1s\u00e1rl\u00f3i blokkot! Gondolkodt\u00e1l m\u00e1r azon, mi t\u00f6rt\u00e9nik egy blokkal, miut\u00e1n elk\u00e9sz\u00fcl a kassz\u00e1n\u00e1l? Vajon merre j\u00e1r? Mit \u00e9l \u00e1t? Milyen titkokat \u0151riz? Ebben a versenyben a te fant\u00e1zi\u00e1dra van b\u00edzva, hogy milyen kalandokba keveredik Tomi. Lehet vicces, meghat\u00f3, izgalmas vagy ak\u00e1r teljesen elrugaszkodott t\u00f6rt\u00e9net \u2013 itt nincsenek hat\u00e1rok.<\/p>\n<p>[\/vc_column_text][\/vc_column][\/vc_row][vc_row full_width=&#8221;stretch_row&#8221; kd_background_image_position=&#8221;vc_row-bg-position-top&#8221;][vc_column]<header class=\"kd-section-title col-lg-12 text-center  subtitle-below-title    vc_custom_1762946635239\" ><h2 class=\"separator_off\" >Hogyan vegy\u00e9l r\u00e9szt a nyerem\u00e9nyj\u00e1t\u00e9kon?<\/h2><\/header>[vc_row_inner kd_background_image_position=&#8221;vc_row-bg-position-top&#8221; css=&#8221;.vc_custom_1755164325645{margin-bottom: 15px !important;}&#8221; el_class=&#8221;hoverRotate&#8221;][vc_column_inner width=&#8221;1\/3&#8243;][vc_single_image image=&#8221;1223&#8243; img_size=&#8221;200&#215;212&#8243; alignment=&#8221;center&#8221; css=&#8221;&#8221;]<header class=\"kd-section-title col-lg-12 text-center  subtitle-below-title    vc_custom_1777287829764\" ><h3 class=\"separator_off\" >L\u00e9gy<br \/>\nkreat\u00edv!<\/h3><\/header>[vc_column_text css=&#8221;&#8221;]<\/p>\n<p style=\"font-size: large; line-height: 150%; text-align: center;\">A p\u00e1ly\u00e1zat nyitott minden\u00a0<strong>10\u201318 \u00e9v k\u00f6z\u00f6tti di\u00e1k sz\u00e1m\u00e1ra,<\/strong> aki szeret \u00edrni, alkotni \u00e9s t\u00f6rt\u00e9neteket kital\u00e1lni.<\/p>\n<p>[\/vc_column_text][\/vc_column_inner][vc_column_inner width=&#8221;1\/3&#8243;][vc_single_image image=&#8221;1224&#8243; img_size=&#8221;200&#215;212&#8243; alignment=&#8221;center&#8221; css=&#8221;&#8221;]<header class=\"kd-section-title col-lg-12 text-center  subtitle-below-title    vc_custom_1777287834362\" ><h3 class=\"separator_off\" >Haszn\u00e1ld kedvenc \u00edr\u00e1sos form\u00e1d!<\/h3><\/header>[vc_column_text css=&#8221;&#8221;]<\/p>\n<p style=\"font-size: large; line-height: 150%; text-align: center;\">Szinte b\u00e1rmilyen kreat\u00edv \u00edr\u00e1sos form\u00e1t elfogadunk, p\u00e9ld\u00e1ul: mese, novella, vers, k\u00e9preg\u00e9ny, napl\u00f3, lev\u00e9lreg\u00e9ny, humoros t\u00f6rt\u00e9net vagy b\u00e1rmilyen egy\u00e9b kreat\u00edv m\u0171faj.<\/p>\n<p>[\/vc_column_text][\/vc_column_inner][vc_column_inner width=&#8221;1\/3&#8243;][vc_single_image image=&#8221;1225&#8243; img_size=&#8221;200&#215;212&#8243; alignment=&#8221;center&#8221; css=&#8221;&#8221;]<header class=\"kd-section-title col-lg-12 text-center  subtitle-below-title    vc_custom_1777287838559\" ><h3 class=\"separator_off\" >K\u00fcld el nek\u00fcnk alkot\u00e1sodat!<\/h3><\/header>[vc_column_text css=&#8221;&#8221;]<\/p>\n<p style=\"font-size: large; line-height: 150%; text-align: center;\">Haszn\u00e1ld lenti regisztr\u00e1ci\u00f3s \u00edv\u00fcnket, ahol megadva adataidat \u00e9s alkot\u00e1sodat pdf form\u00e1tumban csatolva tudsz r\u00e9szt venni a versenyen. Adataidat \u00e9s alkot\u00e1sodat ak\u00e1r email c\u00edm\u00fcnkre is elk\u00fcldheted:\u00a0marketing@tommarket.hu<\/p>\n<p>[\/vc_column_text][\/vc_column_inner][\/vc_row_inner][\/vc_column][\/vc_row][vc_row full_width=&#8221;stretch_row&#8221; gap=&#8221;10&#8243; kd_background_image_position=&#8221;vc_row-bg-position-top&#8221; css=&#8221;.vc_custom_1776935796249{padding-bottom: 40px !important;}&#8221;][vc_column][vc_row_inner content_placement=&#8221;middle&#8221; kd_background_image_position=&#8221;vc_row-bg-position-top&#8221;][vc_column_inner width=&#8221;1\/3&#8243;][vc_single_image image=&#8221;1232&#8243; img_size=&#8221;415&#215;364&#8243; css=&#8221;&#8221;][\/vc_column_inner][vc_column_inner width=&#8221;2\/3&#8243;]<header class=\"kd-section-title col-lg-12 text-left  subtitle-below-title   \" ><h2 class=\"separator_off\" >Mi a nyerem\u00e9ny?<\/h2><\/header>[vc_column_text css=&#8221;&#8221;]<\/p>\n<p style=\"font-size: large; line-height: 150%;\">A p\u00e1ly\u00e1zat h\u00e1rom legjobb alkot\u00f3j\u00e1t \u00e9rt\u00e9kes, k\u00f6z\u00f6s \u00e9lm\u00e9nyt ny\u00fajt\u00f3 csal\u00e1di aj\u00e1nd\u00e9kokkal jutalmazzuk.<\/p>\n<h4><strong>K\u00e9rd\u00e9sed van?<\/strong><\/h4>\n<p style=\"font-size: large; line-height: 150%;\">Ha b\u00e1rmiben elakadsz, keresd b\u00e1tran marketing oszt\u00e1lyunkat: Tom Market marketing oszt\u00e1ly: +36 70 605 4366<\/p>\n<p>[\/vc_column_text][\/vc_column_inner][\/vc_row_inner][\/vc_column][\/vc_row][vc_row kd_background_image_position=&#8221;vc_row-bg-position-top&#8221; css=&#8221;.vc_custom_1777288363223{margin-top: 40px !important;}&#8221;][vc_column]<header class=\"kd-section-title col-lg-12 text-center  subtitle-below-title   \" ><h2 class=\"separator_off\" >T\u00f6ltsd fel az alkot\u00e1sod \u00e9s nyerj!<\/h2><\/header><div class=\"wpforms-container wpforms-container-full\" id=\"wpforms-1209\"><form id=\"wpforms-form-1209\" class=\"wpforms-validate wpforms-form wpforms-ajax-form\" data-formid=\"1209\" method=\"post\" enctype=\"multipart\/form-data\" action=\"\/index.php\/wp-json\/wp\/v2\/pages\/1198?wpforms_form_id=1209\" data-token=\"5fc7175e6e1f6a07d08450755932aeff\"><noscript class=\"wpforms-error-noscript\">Please enable JavaScript in your browser to complete this form.<\/noscript><div class=\"wpforms-field-container\"><div id=\"wpforms-1209-field_1-container\" class=\"wpforms-field wpforms-field-text\" data-field-id=\"1\"><label class=\"wpforms-field-label\" for=\"wpforms-1209-field_1\">Teljes neved: <span class=\"wpforms-required-label\">*<\/span><\/label><input type=\"text\" id=\"wpforms-1209-field_1\" class=\"wpforms-field-large wpforms-field-required\" name=\"wpforms[fields][1]\" required><\/div><div id=\"wpforms-1209-field_2-container\" class=\"wpforms-field wpforms-field-text\" data-field-id=\"2\"><label class=\"wpforms-field-label\" for=\"wpforms-1209-field_2\">Lakc\u00edmed: <span class=\"wpforms-required-label\">*<\/span><\/label><input type=\"text\" id=\"wpforms-1209-field_2\" class=\"wpforms-field-large wpforms-field-required\" name=\"wpforms[fields][2]\" required><\/div><div id=\"wpforms-1209-field_3-container\" class=\"wpforms-field wpforms-field-layout\" data-field-id=\"3\"><label class=\"wpforms-field-label wpforms-label-hide\" for=\"wpforms-1209-field_3\">Layout<\/label><div class=\"wpforms-field-layout-columns wpforms-field-layout-preset-50-50\"><div class=\"wpforms-layout-column wpforms-layout-column-50\"><div id=\"wpforms-1209-field_21-container\" class=\"wpforms-field wpforms-field-text\" data-field-id=\"21\"><label class=\"wpforms-field-label\" for=\"wpforms-1209-field_21\">Mobilsz\u00e1mod: <span class=\"wpforms-required-label\">*<\/span><\/label><input type=\"text\" id=\"wpforms-1209-field_21\" class=\"wpforms-field-medium wpforms-field-required wpforms-masked-input\" data-rule-inputmask-incomplete=\"1\" data-inputmask-mask=\"(99) 999-9999\" name=\"wpforms[fields][21]\" placeholder=\"(30) 111-2233\" required><\/div><\/div><div class=\"wpforms-layout-column wpforms-layout-column-50\"><div id=\"wpforms-1209-field_5-container\" class=\"wpforms-field wpforms-field-email\" data-field-id=\"5\"><label class=\"wpforms-field-label\" for=\"wpforms-1209-field_5\">E-mail c\u00edmed: <span class=\"wpforms-required-label\">*<\/span><\/label><input type=\"email\" id=\"wpforms-1209-field_5\" class=\"wpforms-field-medium wpforms-field-required\" name=\"wpforms[fields][5]\" required><\/div><\/div><\/div><\/div><div id=\"wpforms-1209-field_22-container\" class=\"wpforms-field wpforms-field-text\" data-field-id=\"22\"><label class=\"wpforms-field-label\" for=\"wpforms-1209-field_22\">Alkot\u00f3 neve: <span class=\"wpforms-required-label\">*<\/span><\/label><input type=\"text\" id=\"wpforms-1209-field_22\" class=\"wpforms-field-large wpforms-field-required\" name=\"wpforms[fields][22]\" required><\/div><div id=\"wpforms-1209-field_24-container\" class=\"wpforms-field wpforms-field-layout\" data-field-id=\"24\"><label class=\"wpforms-field-label wpforms-label-hide\" for=\"wpforms-1209-field_24\">Layout 2<\/label><div class=\"wpforms-field-layout-columns wpforms-field-layout-preset-50-50\"><div class=\"wpforms-layout-column wpforms-layout-column-50\"><div id=\"wpforms-1209-field_25-container\" class=\"wpforms-field wpforms-field-text\" data-field-id=\"25\"><label class=\"wpforms-field-label\" for=\"wpforms-1209-field_25\">Alkot\u00f3 \u00e9letkora: <span class=\"wpforms-required-label\">*<\/span><\/label><input type=\"text\" id=\"wpforms-1209-field_25\" class=\"wpforms-field-medium wpforms-field-required\" name=\"wpforms[fields][25]\" required><\/div><\/div><div class=\"wpforms-layout-column wpforms-layout-column-50\"><div id=\"wpforms-1209-field_28-container\" class=\"wpforms-field wpforms-field-text\" data-field-id=\"28\"><label class=\"wpforms-field-label\" for=\"wpforms-1209-field_28\">Alkot\u00e1s form\u00e1ja: <span class=\"wpforms-required-label\">*<\/span><\/label><input type=\"text\" id=\"wpforms-1209-field_28\" class=\"wpforms-field-medium wpforms-field-required\" name=\"wpforms[fields][28]\" required><\/div><\/div><\/div><\/div><div id=\"wpforms-1209-field_27-container\" class=\"wpforms-field wpforms-field-file-upload\" data-field-id=\"27\"><label class=\"wpforms-field-label\" for=\"wpforms-1209-field_27\">Alkot\u00e1s felt\u00f6lt\u00e9se: <span class=\"wpforms-required-label\">*<\/span><\/label><input type=\"file\" id=\"wpforms-1209-field_27\" class=\"wpforms-field-required\" data-rule-extension=\"jpg,jpeg,jpe,gif,png,bmp,tiff,tif,webp,avif,ico,heic,heif,heics,heifs,asf,asx,wmv,wmx,wm,avi,divx,mov,qt,mpeg,mpg,mpe,mp4,m4v,ogv,webm,mkv,3gp,3gpp,3g2,3gp2,txt,asc,c,cc,h,srt,csv,tsv,ics,rtx,css,vtt,mp3,m4a,m4b,aac,ra,ram,wav,x-wav,ogg,oga,flac,mid,midi,wma,wax,mka,rtf,pdf,class,tar,zip,gz,gzip,rar,7z,psd,xcf,doc,pot,pps,ppt,wri,xla,xls,xlt,xlw,mpp,docx,docm,dotx,dotm,xlsx,xlsm,xlsb,xltx,xltm,xlam,pptx,pptm,ppsx,ppsm,potx,potm,ppam,sldx,sldm,onetoc,onetoc2,onepkg,oxps,xps,odt,odp,ods,odg,odc,odb,odf,wp,wpd,key,numbers,pages,svg,ttf,otf,eot,woff,woff2,redux\" data-rule-maxsize=\"33554432\" name=\"wpforms_1209_27\" accept=\".jpg,.jpeg,.jpe,.gif,.png,.bmp,.tiff,.tif,.webp,.avif,.ico,.heic,.heif,.heics,.heifs,.asf,.asx,.wmv,.wmx,.wm,.avi,.divx,.mov,.qt,.mpeg,.mpg,.mpe,.mp4,.m4v,.ogv,.webm,.mkv,.3gp,.3gpp,.3g2,.3gp2,.txt,.asc,.c,.cc,.h,.srt,.csv,.tsv,.ics,.rtx,.css,.vtt,.mp3,.m4a,.m4b,.aac,.ra,.ram,.wav,.x-wav,.ogg,.oga,.flac,.mid,.midi,.wma,.wax,.mka,.rtf,.pdf,.class,.tar,.zip,.gz,.gzip,.rar,.7z,.psd,.xcf,.doc,.pot,.pps,.ppt,.wri,.xla,.xls,.xlt,.xlw,.mpp,.docx,.docm,.dotx,.dotm,.xlsx,.xlsm,.xlsb,.xltx,.xltm,.xlam,.pptx,.pptm,.ppsx,.ppsm,.potx,.potm,.ppam,.sldx,.sldm,.onetoc,.onetoc2,.onepkg,.oxps,.xps,.odt,.odp,.ods,.odg,.odc,.odb,.odf,.wp,.wpd,.key,.numbers,.pages,.svg,.ttf,.otf,.eot,.woff,.woff2,.redux\" required><\/div><div id=\"wpforms-1209-field_8-container\" class=\"wpforms-field wpforms-field-checkbox\" data-field-id=\"8\"><label class=\"wpforms-field-label\" for=\"wpforms-1209-field_8\">Szab\u00e1lyzat elfogad\u00e1sa <span class=\"wpforms-required-label\">*<\/span><\/label><ul id=\"wpforms-1209-field_8\" class=\"wpforms-field-required\"><li class=\"choice-1 depth-1\"><input type=\"checkbox\" id=\"wpforms-1209-field_8_1\" name=\"wpforms[fields][8][]\" value=\"Kijelentem, hogy az Adatkezel\u00e9si t\u00e1j\u00e9koztat\u00f3t \u00e9s a R\u00e9szv\u00e9teli \u00e9s j\u00e1t\u00e9kszab\u00e1lyzatot megismertem, elfogadtam \u00e9s az \u00c1ltal\u00e1nos Adatv\u00e9delmi Rendelet (GDPR) alapj\u00e1n - tudom\u00e1sul veszem, hogy az adatkezel\u0151 a most megadott szem\u00e9lyes adataimat a GDPR, tov\u00e1bb\u00e1 a saj\u00e1t adatkezel\u00e9si t\u00e1j\u00e9koztat\u00f3j\u00e1nak felt\u00e9telei szerint kezelheti. *\" required ><label class=\"wpforms-field-label-inline\" for=\"wpforms-1209-field_8_1\">Kijelentem, hogy az Adatkezel\u00e9si t\u00e1j\u00e9koztat\u00f3t \u00e9s a R\u00e9szv\u00e9teli \u00e9s j\u00e1t\u00e9kszab\u00e1lyzatot megismertem, elfogadtam \u00e9s az \u00c1ltal\u00e1nos Adatv\u00e9delmi Rendelet (GDPR) alapj\u00e1n - tudom\u00e1sul veszem, hogy az adatkezel\u0151 a most megadott szem\u00e9lyes adataimat a GDPR, tov\u00e1bb\u00e1 a saj\u00e1t adatkezel\u00e9si t\u00e1j\u00e9koztat\u00f3j\u00e1nak felt\u00e9telei szerint kezelheti. *<\/label><\/li><\/ul><\/div><\/div><div class=\"wpforms-submit-container\"><input type=\"hidden\" name=\"wpforms[id]\" value=\"1209\"><input type=\"hidden\" name=\"wpforms[author]\" value=\"3\"><button type=\"submit\" name=\"wpforms[submit]\" id=\"wpforms-submit-1209\" class=\"wpforms-submit\" data-alt-text=\"K\u00fcld\u00e9s...\" data-submit-text=\"Bek\u00fcld\u00e9s\" aria-live=\"assertive\" value=\"wpforms-submit\">Bek\u00fcld\u00e9s<\/button><img loading=\"lazy\" decoding=\"async\" src=\"http:\/\/tommarket.hu\/wp-content\/plugins\/wpforms\/assets\/images\/submit-spin.svg\" class=\"wpforms-submit-spinner\" style=\"display: none;\" width=\"26\" height=\"26\" alt=\"Loading\"><\/div><\/form><\/div>  <!-- .wpforms-container -->[\/vc_column][\/vc_row][vc_row kd_background_image_position=&#8221;vc_row-bg-position-top&#8221; css=&#8221;.vc_custom_1762952959031{margin-top: 40px !important;}&#8221;][vc_column]<header class=\"kd-section-title col-lg-12 text-center  subtitle-below-title    vc_custom_1776951460626\" ><h3 class=\"separator_off\" >Ugorj be b\u00e1rmely Tom Market boltunkba, ha az \u00edr\u00e1shoz egy kis energi\u00e1ra lenne sz\u00fcks\u00e9ged! V\u00e1s\u00e1rolj Tom Market \u00fczleteinkben!<\/h3><\/header>[\/vc_column][\/vc_row][vc_row full_width=&#8221;stretch_row_content&#8221; kd_background_image_position=&#8221;vc_row-bg-position-top&#8221;][vc_column][vc_column_text css=&#8221;&#8221;]<style type=\"text\/css\">\n    .asl-p-cont .sl-direction,.asl-cont .sl-direction, .asl-buttons .directions {display: none !important;}.asl-p-cont .asl-print-btn,.asl-cont .asl-print-btn {display: none !important;}    @media(max-width:991px){\n        #asl-storelocator.asl-cont .asl-panel {order: 0;}\n    }\n<\/style>\n<section id=\"asl-storelocator\" class=\"asl-cont asl-template-3 asl-layout-0 asl-bg-0 map-full full-height asl-text-0\">\n    <div class=\"asl-wrapper mb-5\">\n        <div class=\"sl-container-fluid\">\n                                    <div class=\"sl-row\">\n                <div class=\"pol-12\">\n                    <div class=\"sl-main-cont\">\n                        <div class=\"sl-row no-gutters\">\n                            <div id=\"asl-panel\" class=\"asl-panel pol-md-6 pol-lg-5 pol-xl-4\">\n                                <div class=\"asl-overlay\" id=\"map-loading\">\n                                  <div class=\"white\"><\/div>\n                                    <div class=\"sl-loading\">\n                                        <i class=\"animate-sl-spin icon-spin3\"><\/i>\n                                        Loading...                                    <\/div>\n                                <\/div>\n                                <div class=\"asl-filter-sec hide\"><\/div>\n                                <!-- list -->\n                                <div class=\"asl-panel-inner\">\n                                    <div class=\"sl-filter-sec\">\n                                        <div class=\"asl-addr-search\">\n                                            <input value=\"\" id=\"sl-main-search\" type=\"text\" class=\"asl-search-address form-control\" placeholder=\"V\u00e1ros megad\u00e1sa\">\n                                            <span class=\"sl-search-btn\"><i title=\"Keres\u00e9s\" class=\"icon-search\"><\/i><\/span>\n                                        <\/div>  \n                                    <\/div>\n                                    <div class=\"asl-filter-tabs media\">\n                                        <div class=\"input-group\">\n                                            <ul class=\"sl-filt-a-list nav nav-pills\" role=\"tablist\"><\/ul>  \n                                            <div class=\"input-group-append\">\n                                                <div class=\"aswth-btn hide\">\n                                                    <span class=\"aswth\">\n                                                        <input type=\"checkbox\" class=\"aswth-input\" id=\"aswth-id\" checked>\n                                                        <label for=\"aswth-id\"><\/label>\n                                                        <div class=\"aswth-text\">\n                                                            <div class=\"contentA\">OPEN<\/div>\n                                                            <div class=\"contentB\">ALL<\/div>\n                                                        <\/div>\n                                                    <\/span>\n                                                <\/div>\n                                            <\/div>\n                                        <\/div>\n                                    <\/div>\n                                    <div class=\"sl-main-cont-box\">\n                                        <div id=\"asl-list\" class=\"sl-list-wrapper\">\n                                            <ul id=\"p-statelist\" class=\"sl-list\">\n                                            <\/ul>\n                                        <\/div>\n                                    <\/div>\n                                <\/div>\n\n                                <div class=\"directions-cont hide\">\n                                    <div class=\"agile-modal-header\">\n                                        <button type=\"button\" class=\"close\"><span aria-hidden=\"true\">\u00d7<\/span><\/button>\n                                        <h4>Store Direction<\/h4>\n                                    <\/div>\n                                    <div class=\"rendered-directions\" id=\"asl-rendered-dir\" style=\"direction: ltr;\"><\/div>\n                                <\/div>\n                            <\/div>\n                            <div class=\"pol-md-6 pol-xl-8 pol-lg-7 asl-map\">\n                                <div class=\"map-image\">\n                                    <div id=\"asl-map-canv\" class=\"asl-map-canv\"><\/div>\n                                    \n                                    <div id=\"agile-modal-direction\" class=\"agile-modal fade\">\n    <div class=\"agile-modal-backdrop-in\"><\/div>\n    <div class=\"agile-modal-dialog in\">\n        <div class=\"agile-modal-content\">\n            <div class=\"sl-form-group d-flex justify-content-between\">\n                <h4>Get Your Directions<\/h4>\n                <button type=\"button\" class=\"close-directions sl-close\" data-dismiss=\"agile-modal\" aria-label=\"Close\">&times;<\/button>\n            <\/div>\n            <div class=\"sl-form-group\">\n                <label for=\"frm-lbl\">From:<\/label>\n                <input type=\"text\" class=\"form-control frm-place\" id=\"frm-lbl\" placeholder=\"V\u00e1ros megad\u00e1sa\">\n            <\/div>\n            <div class=\"sl-form-group\">\n                <label for=\"frm-lbl\">To:<\/label>\n                <input readonly=\"true\" type=\"text\"  class=\"directions-to form-control\" id=\"to-lbl\" placeholder=\"Prepopulated Destination Address\">\n            <\/div>\n            <div class=\"sl-form-group mb-0\">\n                <label class=\"checkbox-inline\">\n                    <input type=\"radio\" name=\"dist-type\"  id=\"rbtn-km\" value=\"0\"> KM                <\/label>\n                <label class=\"checkbox-inline\">\n                    <input type=\"radio\" name=\"dist-type\" checked id=\"rbtn-mile\" value=\"1\"> Mile                <\/label>\n            <\/div>\n            <div class=\"sl-form-group mb-0\">\n                <button type=\"submit\" class=\"btn btn-default btn-submit\">GET DIRECTIONS<\/button>\n            <\/div>\n        <\/div>\n    <\/div>\n<\/div>\n\n<div id=\"asl-geolocation-agile-modal\" class=\"agile-modal fade\">\n  <div class=\"agile-modal-backdrop-in\"><\/div>\n  <div class=\"agile-modal-dialog in\">\n    <div class=\"agile-modal-content\">\n            <div class=\"sl-form-group d-flex justify-content-between\">\n        <h5>Use my location to find the closest Service Provider near me<\/h5>\n        <button type=\"button\" class=\"close-directions sl-close\" data-dismiss=\"agile-modal\" aria-label=\"Close\" aria-hidden=\"true\">&times;<\/button>\n      <\/div>\n      <div class=\"sl-form-group text-center mb-0\">\n        <button type=\"button\" id=\"asl-btn-geolocation\" class=\"btn btn-block btn-default\">USE LOCATION<\/button>\n      <\/div>\n          <\/div>\n  <\/div>\n<\/div>\n\n<div id=\"asl-desc-agile-modal\" class=\"agile-modal fade\">\n  <div class=\"agile-modal-backdrop-in\"><\/div>\n  <div class=\"agile-modal-dialog in\">\n    <div class=\"agile-modal-content\">\n      <div class=\"sl-row\">\n        <div class=\"pol-md-12\">\n          <div class=\"sl-form-group d-flex justify-content-between\">\n            <h4 class=\"sl-title\"><\/h4>\n            <button type=\"button\" class=\"close-directions sl-close\" data-dismiss=\"agile-modal\" aria-label=\"Close\">&times;<\/button>\n          <\/div>\n          <p class=\"sl-desc\"><\/p>\n        <\/div>\n      <\/div>\n    <\/div>\n  <\/div>\n<\/div>                                <\/div>\n                            <\/div>\n                        <\/div>\n                    <\/div>\n                <\/div>\n            <\/div>\n        <\/div> \n    <\/div>\n<\/section>\n<!-- This plugin is developed by \"Agile Store Locator for WordPress\" https:\/\/agilestorelocator.com -->[\/vc_column_text][\/vc_column][\/vc_row]<\/p>\n<\/div>","protected":false},"excerpt":{"rendered":"<p> [&hellip;]<\/p>\n","protected":false},"author":3,"featured_media":0,"parent":0,"menu_order":0,"comment_status":"closed","ping_status":"closed","template":"","meta":{"footnotes":""},"class_list":["post-1198","page","type-page","status-publish","hentry"],"_links":{"self":[{"href":"http:\/\/tommarket.hu\/index.php\/wp-json\/wp\/v2\/pages\/1198","targetHints":{"allow":["GET"]}}],"collection":[{"href":"http:\/\/tommarket.hu\/index.php\/wp-json\/wp\/v2\/pages"}],"about":[{"href":"http:\/\/tommarket.hu\/index.php\/wp-json\/wp\/v2\/types\/page"}],"author":[{"embeddable":true,"href":"http:\/\/tommarket.hu\/index.php\/wp-json\/wp\/v2\/users\/3"}],"replies":[{"embeddable":true,"href":"http:\/\/tommarket.hu\/index.php\/wp-json\/wp\/v2\/comments?post=1198"}],"version-history":[{"count":33,"href":"http:\/\/tommarket.hu\/index.php\/wp-json\/wp\/v2\/pages\/1198\/revisions"}],"predecessor-version":[{"id":1245,"href":"http:\/\/tommarket.hu\/index.php\/wp-json\/wp\/v2\/pages\/1198\/revisions\/1245"}],"wp:attachment":[{"href":"http:\/\/tommarket.hu\/index.php\/wp-json\/wp\/v2\/media?parent=1198"}],"curies":[{"name":"wp","href":"https:\/\/api.w.org\/{rel}","templated":true}]}}